f v?
1
Let s = 4 + -12. Let p = s - -11. What is the units digit of p?
3
Let d = 113 - 42. Let r = d + -35. What is the tens digit of r?
3
Let b = 96 - 55. Let k = 59 - b. What is the tens digit of k?
1
Let d be (-4)/22 + 184/44. Suppose f = -3*c - d + 111, -134 = -4*c + 3*f. What is the tens digit of c?
3
Suppose 55 = 2*m - 17. Suppose -r + 5*r = m. What is the units digit of r?
9
Suppose 0 = 5*q - 27 - 153. Let c = -26 + q. What is the tens digit of c?
1
Suppose 5*f + 136 = 501. What is the units digit of f?
3
Suppose 12 = 4*c - 2*i, -3*c - 1 = -4*c + i. Suppose 90 = c*y - 90. What is the tens digit of 8/y + (-142)/(-9)?
1
Let c(p) = 3*p - 5. Let h = 9 - 4. Let f be c(h). Suppose 0 = l - 0*l - f. What is the units digit of l?
0
Let w(g) = -g**3 - 16*g**2 + 34*g + 40. What is the tens digit of w(-18)?
7
Let d = 5 + 0. Suppose -d*f + x - 23 = 0, -f = -3*x - 0*x + 13. What is the units digit of (f/6)/(1/(-3))?
2
Suppose -2 = 3*x - 11. Suppose 5*u - 4*a + 7 = -x*a, 1 = u - a. What is the units digit of ((-40)/14)/(u/7)?
0
Let s = 305 - 121. What is the tens digit of s?
8
Let f(d) = -d - 1. Let m(l) = -4*l - 4. Suppose 30 = -5*h - 3*w, 0 = 5*h - 6*h - 2*w - 13. Let u(c) = h*f(c) + m(c). What is the units digit of u(-5)?
4
Suppose -11 = -2*m - 1. Let q be 2*(-1 + (3 - 0)). Suppose 4*r + 51 = 3*y + m, 0 = -r - q. What is the units digit of y?
0
Let c(k) = -k + 13. Let w be c(9). Suppose -w*l + 115 = -29. What is the tens digit of l?
3
Let f = 7 + -4. Suppose 8*m = f*m + 40. What is the units digit of ((-14)/m)/(2/(-8))?
7
Suppose 2*t = -4*y - y + 163, 5*y + 355 = 5*t. What is the tens digit of t?
7
Suppose 5*q = 41 + 94. What is the units digit of 8/6 - (-18)/q?
2
Let p(g) = g - 6. Let z be p(11). Suppose 4*y - 20 = y - 2*c, z*y - 35 = -5*c. What is the units digit of y?
6
What is the units digit of ((-36)/(-20))/((-2)/(-10))?
9
What is the tens digit of (1 + -7)*(0 - 10)?
6
Suppose -4*o = 4*h - 416, 4*o - 7*o = 5*h - 312. What is the units digit of o?
4
Let s(h) = h**2 + 3*h - 22. What is the tens digit of s(9)?
8
What is the tens digit of 82/(2*3/12)?
6
Let d(r) = -r**3 + 6*r**2 - 6*r + 6. Let x be d(4). Let b be (-2)/7 + (-24)/x. What is the units digit of 14 + (b + 1 - 2)?
1
Let v(f) = f**3 - f**2 - f + 5. What is the tens digit of v(3)?
2
Let z(b) = -2*b - 3. Let c be z(-2). Suppose -5*t - 4*d - c = 0, 0 = -2*t - d - d - 2. Let q = -1 + t. What is the units digit of q?
2
Let u = 5 - 0. What is the units digit of u?
5
Let w(t) = t**3 - 8*t**2 - 8*t + 7. Let s be w(9). Suppose 4*v = -0*v + s. Suppose -v*k + 0*k + 4 = 0. What is the units digit of k?
1
Let r(z) = -z**3 + z**2 + 5*z + 53. What is the units digit of r(0)?
3
Let y = 129 + -67. What is the units digit of y?
2
Suppose 2*n = -4*a + 36, n + 0*n - 4*a = -12. Let p(o) = o**2 - 5*o - 11. What is the tens digit of p(n)?
1
Suppose 2*l = 2*d + 46, -26 = -2*l + 5*d + 14. What is the tens digit of l?
2
Let k = -4 - -5. Let q be 5 - (2/2 + k). Suppose -7 = -q*n - 1. What is the units digit of n?
2
Suppose -6*b = -b + 70. What is the units digit of (-24)/b - 6/(-21)?
2
Suppose q + 2 = 0, -2*l + 2*q - 4*q + 538 = 0. What is the tens digit of l?
7
Suppose 11*m + 191 - 1346 = 0. What is the units digit of m?
5
Let j(r) = r - 1. Let u be j(3). Let i = u + 0. Suppose 5*k = -4*x + 1, -k = -i*k + x + 2. What is the units digit of k?
1
Suppose -35 = -5*l + 725. What is the hundreds digit of l?
1
Suppose 4*k + 43 + 53 = 0. What is the tens digit of (2 + 10/(-4))*k?
1
Let v = -24 - -15. What is the units digit of (-1)/3 - 156/v?
7
Let m be (-9)/6*(-2)/(-1). Let n = -7 - -10. Let v = n - m. What is the units digit of v?
6
Suppose -1 - 55 = 4*u. Let z be 38/u + (-2)/7. Let i = 4 - z. What is the units digit of i?
7
Let q = -15 + 41. Suppose -k + q = k. What is the units digit of k?
3
Suppose -8 = 3*h + 1. Let m(g) = -g**3 - 2. What is the units digit of m(h)?
5
Let c(w) = 16*w + 12. What is the units digit of c(3)?
0
Let p be (-6)/(0 + -2 + 0). Suppose 19 + 4 = v. Suppose -v = -5*x - p. What is the units digit of x?
4
Let o = 3 + -1. Suppose o*k - n - 20 = -2*n, -20 = 5*n. Let q = 3 + k. What is the units digit of q?
5
Suppose -v = v - 12. Suppose w - v = -2. Suppose -3*t = -c - 0*c - 25, -w*c = -5*t + 30. What is the units digit of t?
0
Suppose j + 8 = -3*x, 2*x - 7*x - 5*j = 0. Let m(l) = -l + 1. What is the units digit of m(x)?
5
Let y(u) = 6 + 3*u**2 - 2*u**2 - 8*u + 8*u. What is the units digit of y(0)?
6
Let n(x) = -x**2 - 21*x - 24. What is the units digit of n(-16)?
6
Let x(m) = 5*m - 4*m + 0*m + 13. What is the units digit of x(-8)?
5
Let t(o) = -10*o + 1. Let z be t(5). Let q = -32 - z. What is the tens digit of q?
1
Let o = 27 - -55. What is the tens digit of o?
8
Let t(r) = r**3 - 5*r**2 + 2*r - 6. Let o be t(5). Suppose 0 = -o*w - w + 20. What is the units digit of w?
4
Suppose 5*g + 190 = 5*c, -2*c - 2*g = -5*c + 114. What is the units digit of c?
8
Let i be 16/5 - 2/10. What is the units digit of (-35)/(-15) + 2/i?
3
Let r(a) = -3 + 5 - a**2 + 2 - 3. Suppose x = 5*x. What is the units digit of r(x)?
1
Let r = 26 + -13. What is the units digit of r?
3
Let x(r) be the third derivative of -r**5/60 - 7*r**4/24 + r**3/6 + r**2. What is the units digit of x(-6)?
7
What is the tens digit of (76 - 0)*(-2)/(-8)?
1
Suppose 11*b = 15*b - 356. What is the tens digit of b?
8
Let m = 2 + 9. Suppose n - m = 5. What is the units digit of n?
6
Suppose 16 + 9 = 5*o. Let f(t) = t + 2. Let g be f(o). Let m = 1 + g. What is the units digit of m?
8
Let o = 23 + 12. What is the tens digit of o?
3
Suppose u - 3*h = 6, -2*h - 3*h + 6 = u. Let i(m) = m**2 - 6*m - 4. Let z be i(u). Let w(b) = b**2 + b - 5. What is the units digit of w(z)?
7
Let o(f) = f**3 + 7*f**2 - 9*f - 6. Let y be o(-8). Let z = -13 + 18. Suppose -23 = -y*n - z*q, -n + 12 = -q + 4. What is the units digit of n?
9
Let j(o) = 3*o. Let n be (-2)/7 - (-176)/28. What is the units digit of j(n)?
8
Let p(m) = 3*m + 9. Let z be (-3)/3*-3 - -3. What is the tens digit of p(z)?
2
Let k(z) = z**2 + 6*z + 4. Let s be k(-6). Suppose 56 = -s*i + 5*i. What is the tens digit of i?
5
Let c be (10/4 - 2)*0. Suppose -l + s - 3 = -c*s, 3*l - 2*s + 4 = 0. What is the units digit of l?
2
Let n = 55 + -39. Suppose n = -0*h + h. What is the units digit of h?
6
Let p(c) = c**2 - 5*c + 4. Let u(w) = w**2 + 6*w + 5. Let b be u(-6). Let a be p(b). Suppose a*r + 40 = 4*v, -4*r + 7*r = 0. What is the tens digit of v?
1
Suppose w - 572 = -w + 2*u, -3*w - 5*u + 858 = 0. What is the tens digit of w?
8
What is the tens digit of 34 - ((-1)/4 + 10/8)?
3
Let x = -127 - -184. What is the units digit of x?
7
Suppose -100*g + 455 = -93*g. What is the units digit of g?
5
Let d(j) = j**3 - 9*j**2 + 9*j - 6. Let a be d(8). Let p = a - 5. What is the units digit of (9/p)/3 + 2?
1
Suppose -5*w + 5*z + 110 = 25, w + 4*z = -8. Suppose 4*d - w = 2*d. What is the units digit of d?
6
Let i = 54 - 42. What is the tens digit of i?
1
Let c(a) = -a**3 - 4*a**2 - 4*a - 1. Let d(y) = -y + 1. Let r be d(4). Let f be c(r). Suppose f*b - 7 - 5 = 0. What is the units digit of b?
6
Let l be (-9)/(-2) + (-1)/(-2). Let c be 2/5 - 2/l. Let f = 5 + c. What is the units digit of f?
5
Suppose -3*d = -5*h - 986, 5*d - 2*d - 1004 = -4*h. What is the units digit of d?
2
Suppose -r = 4*r - 10. Suppose 2 + 2 = u. Suppose -3*w - u*z + 17 = -r*z, 3*z + 24 = w. What is the units digit of w?
9
What is the units digit of ((-2)/(-9)*3)/((-22)/(-11121))?
7
Suppose -v - 2 = -13. What is the tens digit of v?
1
Suppose -2*k = -k. Suppose 5*l + 2*w - 6*w - 19 = k, 0 = 4*l + w - 11. Suppose 2*b + y = -y + 20, -l*b + 5*y = -54. What is the units digit of b?
3
Let u = -11 - -1. What is the units digit of (6/u)/((-1)/10)?
6
Let m(p) = 3*p**2. Let a = 13 - 12. What is the units digit of m(a)?
3
Let r be 3 + -2*1/2. Suppose u = -4*s - 10, 0*s - r*s + 4*u - 14 = 0. Let x = 6 + s. What is the units digit of x?
3
Suppose 0 = -0*t + 3*t - 9. Suppose -t*r - 2*w = -39, 2*w = 3*w. Let h = r - 8. What is the units digit of h?
5
Suppose 4*y - 2*t = 3*t + 423, 5*y = -2*t + 504. What is the hundreds digit of y?
1
Let c(j) be the third derivative of j**5/20 - j**4/6 + j**3/3 - 2*j**2. Let o be c(2). What is the units digit of o/27 - (-14)/18?
1